b. Determine l(b).
5
Suppose 2*u - 57 + 11 = 0. Suppose 3*w - 2*q = u, q = 3*w - 0*q - 19. Suppose -17 = 2*k + 5*o, 2 = w*k - 4*o - 5. Let y(t) = -t**2 - 2*t - 1. What is y(k)?
0
Let v(k) = k**3 + 10*k**2 + 10*k + 11. Let l be v(-9). Let x(f) = -6*f**3 + 2*f**2 + f**l - 2*f**2 - 1 + f. Give x(1).
-5
Let r(l) = 5*l**2 - 9*l - 3. Let n(w) = 2*w**2 - 4*w - 1. Suppose 16 = -3*a + 5*y, 3*y = -a + 2*y + 8. Let m(v) = a*r(v) - 7*n(v). What is m(-3)?
4
Let w(a) = -2*a**2 + 3*a - 3*a + a. Let d(x) = -x**2 - 5*x + 7. Let z be d(-7). Let h = z - -6. Give w(h).
-3
Let z(g) = -9*g**3 + 1. Let x = 2 + -3. Let q = 1 - x. Suppose 3*l - q*h = h - 3, 4*l = -h + 6. Give z(l).
-8
Let s(k) = 0 - k + 2*k - 14. Give s(6).
-8
Let j(t) = t + 4. Suppose 3*f + 4*c = -5, -5*c - 14 = 5*f - 4*c. Give j(f).
1
Suppose -3*w - 2*w + 3*h = 19, 15 = -w - 5*h. Let x(b) = 8*b**2 - b + 4. Let d(r) = -2*r**2 - 1 + 3*r**2 + 2. Let f(v) = w*d(v) + x(v). Calculate f(-1).
3
Let n = 17 + -17. Let b = 4 + n. Let c(j) = -j + 5. What is c(b)?
1
Let x(h) = 3*h**2 - 4*h + 9. Suppose 41 = -4*r + 9. Let n(d) = 2*d**2 - 3*d + 6. Let v(l) = r*n(l) + 5*x(l). Let i = -6 + 9. Determine v(i).
0
Let w be ((44/12)/(-1))/(-1). Let q(z) be the first derivative of -w*z**3 + 1/2*z**2 + 0*z - 3. Determine q(-1).
-12
Let j(o) be the third derivative of -o**4/24 + 4*o**3/3 + o**2 - 18. Calculate j(8).
0
Let u(f) = -f**3 - 6*f**2 - 5*f - 2. Let w = 13 - 11. Let i be 1*w - (-8 - -14). Determine u(i).
-14
Let q(g) be the third derivative of -g**7/840 - g**6/360 + g**5/120 + g**4/2 - 7*g**3/6 + 3*g**2. Let o(c) be the first derivative of q(c). Calculate o(0).
12
Let y(f) = 2*f + 1. Let x be (-1 + -4 + 4)*1/(-1). Calculate y(x).
3
Let f(i) = -i**3 + 5. Let d(o) = -o**3 + 2. Let c(x) = 15*d(x) - 6*f(x). Calculate c(-1).
9
Let y(k) = -k**2 - 2*k + 2. Let h be 54/24*(-16)/(-6). Let o be (-9)/h*-1*-2. Give y(o).
-1
Let t(m) = -m**3 - 5*m**2 - 2*m - 7. Suppose -20 = -15*g + 19*g. What is t(g)?
3
Suppose 0*t - 2*v = -5*t + 35, 4*v - 14 = -2*t. Let q(b) be the first derivative of -b**3/3 + 7*b**2/2 + 10*b - 1. Determine q(t).
10
Let s(d) = -d**2 + 1. Let a(u) = -3*u**2 - u + 5 - 2*u + 4*u. Let t(n) = a(n) - 2*s(n). Determine t(-3).
-9
Let l(h) = 4*h - 1. Let z = -12 - -13. Give l(z).
3
Let b be 3/6*(-1 - 1). Let y be (-1)/b - (6 - 5). Let v(l) = y*l + 6*l**3 - l - l**2 + l**2. Give v(1).
5
Let g(v) = 5*v**2 + 2*v**3 - 7*v + 5*v**2 - 2*v**2 + 5. Let r(n) = -n**3 - n**2. Let f(o) = g(o) + 3*r(o). Calculate f(4).
-7
Let i be -6*1/2*-1. Suppose -y = i*t + 12, 5*t - 2*y + 3 = 2*y. Let b(o) = -o + 1. What is b(t)?
4
Let y(p) = -p**2 + 10*p - 10. Let q be y(8). Let d(h) = -h**2 + 4*h + 3. Give d(q).
-9
Let w = -5 + 8. Let f = 3 - w. Let x(g) = g + 9 + 0*g + 0. Determine x(f).
9
Suppose 4*u + 3 = 3*u. Let v be -2*u/((-24)/(-20)). Let n(a) = -3*a**2 + 18*a + 9. Let y(c) = -2*c**2 + 12*c + 6. Let t(r) = -5*n(r) + 7*y(r). Determine t(v).
-8
Let l(h) be the first derivative of h**5/120 - 5*h**4/24 + h**3/3 + 1. Let y(w) be the third derivative of l(w). Let x = -14 - -14. Determine y(x).
-5
Let q(z) = z - 1. Let b(w) = w**2 + 1. Let l(p) = b(p) + 4*q(p). Give l(-4).
-3
Let y(z) be the second derivative of z**5/20 + z**4/12 + z**3/6 - 5*z**2 + 5*z. Determine y(0).
-10
Let b = 4 - 6. Let o be b/(-5) - (-9)/15. Let l(c) be the third derivative of -c**6/40 + c**4/12 - c**3/6 - 2*c**2. Determine l(o).
-2
Suppose j - 3*t = 2, -3*j = -0*j + 2*t - 6. Let y(k) be the first derivative of 2*k**2 + 4. Calculate y(j).
8
Let q(d) be the third derivative of -d**4/24 - 3*d**3/2 + 16*d**2. Calculate q(-8).
-1
Let y(u) = -u**2 - 2*u - 3. Suppose -5*z + 3*p - 5*p = -33, -5*p + 30 = 2*z. Let i = -3 + 10. Let o = z - i. Determine y(o).
-3
Let w(h) = h + 7. Let d be w(-5). Let n(y) = -4*y - 1 + d + 2*y + y**2. Suppose -4 - 6 = -3*r + 2*j, 4*j = -3*r - 2. Give n(r).
1
Let o(w) = 2*w - 15. Let v be o(12). Let u(m) = -m + 9. Determine u(v).
0
Let u(o) be the second derivative of o**3/3 + o**2/2 + 6*o. Give u(-6).
-11
Let t(q) = q**3 + 5*q**2 - 7*q - 2. Let j be t(-6). Let s(z) = 5*z**2 - 2*z**3 + z**3 + 6 - 2*z + 3*z + j*z. Determine s(6).
0
Let u(k) = 2*k - 8. Let a = -7 + 9. Suppose a*q + 0*q - 14 = 0. Give u(q).
6
Let v(f) = f**2 + 2. Let h(d) = -d. Let l(z) = 4*h(z) + v(z). Suppose 9 = -5*s + 2*s + 3*j, 0 = -2*s + 4*j - 16. What is l(s)?
-2
Suppose -2*p = -4 - 6. Let i(h) = -h**3 + 4*h**2 + h + 7. What is i(p)?
-13
Let g = -161 - -152. Let s(m) = 2*m + 12. What is s(g)?
-6
Let s(w) = w**3 - 2*w**2 - w - 3. Let q(r) = -6*r - 33. Let z be q(-6). Determine s(z).
3
Let f(w) = -w + 3. Suppose -12 = -2*z - 4. Suppose -3*n = -n - 4*y - 16, 0 = -3*n - z*y - 6. Suppose -d + n*s + 1 = 0, 0 = -4*d - 2*s + 5*s - 6. What is f(d)?
6
Let y(c) = 0*c**2 - c**2 - 7*c + 7*c + 19. Determine y(0).
19
Let o(d) = d + 1. Let x(h) = -5*h - 2. Let a(m) = 4*o(m) + x(m). Determine a(-6).
8
Let g(z) = -3*z**2 + 2*z**3 - 10 - z + 2*z**2 - 2*z**3 - z**3. Determine g(0).
-10
Let w be -5*(2 - 19/5). Let k be (-1)/(w/5 - 2). Let j(o) = -o**2 + 4*o - 1. Determine j(k).
-6
Let x(h) be the first derivative of -h**4/4 + h**2/2 + 3*h - 38. Determine x(0).
3
Let y(c) be the second derivative of c**4/6 + c**2 - 44*c. Calculate y(-4).
34
Suppose -2*s - 2*j + 27 = 3*s, -3*j - 47 = -5*s. Let x(o) = -4*o + 1. Determine x(s).
-27
Let k(t) = 9*t**2 + 1. Suppose -6*d + 3*d + 3 = 0. Give k(d).
10
Let z = -5 - -7. Suppose j + 2*o = 2 - 7, 4*j + 10 = z*o. Let w(q) = -q**3 - q**2 + 4*q + 1. Determine w(j).
7
Let v(f) be the first derivative of 2*f**4 - 2*f**3/3 - f**2 - f + 2. Suppose 0*c = 4*c. Suppose -3*k + 5*k + 2 = c. Calculate v(k).
-9
Let c(u) = 3*u**2 - 7*u - 5. Let y(f) = -13*f**2 + 29*f + 21. Let l(z) = 9*c(z) + 2*y(z). Let x = -14 - -20. Let a = x - 0. What is l(a)?
3
Let x(n) = -n**3 - 4*n**2 - 3*n - 1. Let y(g) = -g**3 - 5*g**2 + 1. Let w(m) = m**3 + m**2 + 1. Let h(d) = -2*w(d) - y(d). Let p be h(3). Calculate x(p).
-1
Let g(d) = 5*d**2 + 4*d + 2. Let b(f) = -f**2 + f + 1. Let c(h) = 4*b(h) + g(h). Let a(s) = s**2 - 5*s - 6. Let j be a(5). What is c(j)?
-6
Let a = -9 + 7. Let z(u) = u**2 - 2*u - 2. What is z(a)?
6
Let r(c) = c**3 - 6*c**2 - 7*c. Suppose 3*u - d = 19, -7 = -4*u + 5*d + 11. Calculate r(u).
0
Suppose -120 = 5*a - 8*a. Let b = 6 - 2. Suppose 2*g = 2*i - 4*i - 2, b*g - 5*i = -a. Let n(t) = t**2 + 6*t + 6. Determine n(g).
1
Let o(v) be the first derivative of -1/4*v**4 - 5*v - 1 + 0*v**2 + 0*v**3. Determine o(0).
-5
Let q(r) = -26*r + 43*r + 10*r**2 - 16*r. Calculate q(-1).
9
Let n(w) = 2*w - 2 - 5 - w. Let l be ((5 - 2) + -4)/1. Let j be (-20)/2*l/2. What is n(j)?
-2
Let x(r) = -r**3 - 7*r**2 - 7*r - 1. Let i be x(-6). Let n(k) = -k**2 + 0*k + 2*k + 2*k**2 - i + 2*k. Calculate n(-4).
-5
Let n(y) be the second derivative of 1/20*y**5 + 0 - 4*y + 1/6*y**3 - 3*y**2 - 1/12*y**4. Give n(0).
-6
Let d(n) = n + 9. Let v be d(-7). Let g(i) = -2*i**3 - i**2 + 1. Determine g(v).
-19
Let y(k) = 14*k - 23*k + 0*k**2 - 6 - k**2. Give y(-7).
8
Let p(x) = -x**2 - 4*x + 6. Let a be p(-5). Let d(y) = -y. Give d(a).
-1
Let u(p) be the second derivative of -p**3/6 - p**2 - p. Let m(d) = d + 1. Let c(f) = 6*m(f) + 5*u(f). Let n be c(6). Let a(x) = -2*x + 2. What is a(n)?
-2
Let d(k) = k**2 + 7*k + 8. Let s be d(-6). Let a(g) = g**2 + 12*g - 3*g - 8*g - 5*g + 3. What is a(s)?
-1
Let i be 4/10 + 34/(-10). Let v(x) = -3*x**2 - 284 + 146 + 139 - 4*x. Calculate v(i).
-14
Let m(k) = -k + 7. Suppose -3*w + 5*r - 7 - 8 = 0, -5*w - 3*r = 59. Let a be 52/20 + (-4)/w. Suppose 0 = d - a*d. Determine m(d).
7
Let p(l) be the third derivative of -l**6/120 + 2*l**5/15 - 5*l**4/24 - l**3/2 - 4*l**2. Calculate p(7).
11
Let h = -6 + 8. Suppose 0 = -h*i + 3*i - 2. Let u(w) = 0*w**2 + 0*w - 2*w - i*w + w**2. Determine u(4).
0
Let d(b) = -6*b**3 - 2*b**2 - 3*b - 1. Let u be d(-1). Let t(y) = y**3 - 6*y**2 - 4. Give t(u).
-4
Let a(g) = -g**3 - 2*g**2 - 3*g - 1. Let k be a(-2). Suppose -5 = -k*r + 20. Let j(b) = -b**2 + 3*b + 4 + 3*b - 2*b. Give j(r).
-1
Suppose 4*g + 2*r - 26 = 0, 28 - 3 = 5*r. Suppose -3 - 9 = -g*s. Let j(l) = 4*l - 3*l - 2*l + 3. What is j(s)?
0
Let q = 507 - 507. Let z(f) be the second derivative of -2*f**2 + 1/20*f**5 - 1/6*f**3 + f - 1/12*f**4 + 0. Determine z(q).
-4
Let a(t) = 5*t + 6. Let j(s) 